{"id":45,"date":"2026-01-07T12:38:04","date_gmt":"2026-01-07T11:38:04","guid":{"rendered":"https:\/\/transilioze.fr\/?page_id=45"},"modified":"2026-02-02T13:57:32","modified_gmt":"2026-02-02T12:57:32","slug":"a-propos","status":"publish","type":"page","link":"https:\/\/transilioze.fr\/index.php\/a-propos\/","title":{"rendered":"A propos"},"content":{"rendered":"\n<div class=\"wp-block-cover alignfull is-light\" style=\"min-height:280px;aspect-ratio:unset;\"><img decoding=\"async\" class=\"wp-block-cover__image-background wp-image-270\" alt=\"\" src=\"https:\/\/tyler.com\/wp-content\/themes\/variations\/assets\/images\/about\/About-banner-1.jpg\" style=\"object-position:50% 100%\" data-object-fit=\"cover\" data-object-position=\"50% 100%\"\/><span aria-hidden=\"true\" class=\"wp-block-cover__background has-background-dim-0 has-background-dim\"><\/span><div class=\"wp-block-cover__inner-container is-layout-flow wp-block-cover-is-layout-flow\">\n<div class=\"wp-block-group is-vertical is-content-justification-center is-layout-flex wp-container-core-group-is-layout-27e8027c wp-block-group-is-layout-flex\" style=\"padding-top:0;padding-right:2.01rem;padding-bottom:0;padding-left:2.01rem\">\n<h1 class=\"wp-block-heading has-text-color\" style=\"color:#345c01;font-size:clamp(2.418rem, 2.418rem + ((1vw - 0.2rem) * 3.785), 4.5rem);font-style:normal;font-weight:500\">A propos<\/h1>\n<\/div>\n<\/div><\/div>\n\n\n\n<div class=\"wp-block-group alignfull has-global-padding is-layout-constrained wp-block-group-is-layout-constrained\" style=\"padding-top:1rem;padding-bottom:1rem\">\n<h2 class=\"wp-block-heading has-text-align-center has-custom-vert-fonc-1-color has-text-color has-link-color has-suranna-font-family wp-elements-8022805a04e94c24229f7b8b013564ea\" style=\"font-size:clamp(24.034px, 1.502rem + ((1vw - 3.2px) * 1.814), 40px);font-style:normal;font-weight:500;letter-spacing:1px\">A propos de Transilioze<\/h2>\n\n\n\n<p class=\"has-text-align-center has-text-color has-link-color wp-elements-c45352d96f443862b0589cb490e95bc9\" style=\"color:#000000;font-size:clamp(14px, 0.875rem + ((1vw - 3.2px) * 0.455), 18px);\"><strong>Transilioze est un cabinet de conseil et d\u2019accompagnement en transition \u00e9cologique<\/strong>, sp\u00e9cialis\u00e9 dans les enjeux \u00e9nergie-climat, l\u2019adaptation au changement climatique et la r\u00e9silience des territoires.<\/p>\n\n\n\n<p>Nous accompagnons les <strong>collectivit\u00e9s, les territoires et les organisations<\/strong> dans la structuration et la mise en \u0153uvre de leurs d\u00e9marches de transition : trajectoires bas carbone, PCAET, plans d\u2019adaptation, d\u00e9marches Territoire Engag\u00e9 Transition \u00c9cologique (TETE), ainsi que des actions de formation, de sensibilisation et d\u2019animation.<\/p>\n\n\n\n<p class=\"has-text-align-center\">Notre approche repose sur quelques principes forts :<\/p>\n\n\n\n<div class=\"wp-block-group has-global-padding is-layout-constrained wp-block-group-is-layout-constrained\">\n<ul class=\"wp-block-list\">\n<li>une <strong>compr\u00e9hension fine des enjeux climatiques et territoriaux<\/strong>,<\/li>\n\n\n\n<li>des <strong>m\u00e9thodologies robustes<\/strong>, adapt\u00e9es aux contraintes locales,<\/li>\n\n\n\n<li>une attention particuli\u00e8re port\u00e9e \u00e0 la <strong>mise en \u0153uvre concr\u00e8te<\/strong> et \u00e0 la mont\u00e9e en comp\u00e9tence des acteurs.<\/li>\n<\/ul>\n<\/div>\n\n\n\n<p>Transilioze intervient \u00e0 la fois sur les <strong>temps strat\u00e9giques<\/strong> (diagnostic, d\u00e9finition des trajectoires, priorisation) et sur les <strong>temps op\u00e9rationnels<\/strong> (plans d\u2019actions, animation, formations), avec un objectif constant : <strong>rendre les organisations plus autonomes et plus r\u00e9silientes face aux transformations en cours<\/strong>.<\/p>\n\n\n\n<p>Transilioze est dirig\u00e9e par <strong>Gwendal MADEC<\/strong>, consultant sp\u00e9cialis\u00e9 en transition \u00e9cologique, climat et mobilit\u00e9.<br>Gwendal accompagne depuis plusieurs ann\u00e9es des acteurs publics et priv\u00e9s dans leurs d\u00e9marches de transition, m\u00ealant expertise technique, capacit\u00e9 d\u2019animation et approche pragmatique orient\u00e9e vers l\u2019impact. Form\u00e9 \u00e0 l\u2019ing\u00e9nierie et aux enjeux climatiques, il met aujourd\u2019hui son exp\u00e9rience au service de d\u00e9marches territoriales et organisationnelles structur\u00e9es, int\u00e9grant r\u00e9duction des \u00e9missions, adaptation et mobilisation des acteurs.<\/p>\n\n\n\n<p class=\"has-text-align-center has-custom-vert-fonc-1-color has-text-color has-link-color wp-elements-40dbb2366ee59c7b46f8fd0f0f972374\"><strong>Une entreprise ancr\u00e9e dans l\u2019\u00e9conomie sociale et solidaire<\/strong><\/p>\n\n\n\n<p class=\"has-text-align-center has-text-color has-link-color wp-elements-1d269794d682c5026f7bbcef69246225\" style=\"color:#000000;font-size:clamp(14px, 0.875rem + ((1vw - 3.2px) * 0.455), 18px);\">Transilioze s\u2019inscrit dans une d\u00e9marche d\u2019impact social et environnemental durable.<br>La structure est membre de <strong>la coop\u00e9rative d\u2019activit\u00e9 et d\u2019emploi l\u2019ouvre-bo\u00eete<\/strong>, bas\u00e9e \u00e0 Nantes, qui accompagne des entrepreneurs dans le d\u00e9veloppement de projets \u00e0 finalit\u00e9 sociale, environnementale et \u00e9conomique. \u00c0 travers cette coop\u00e9rative, Transilioze s\u2019engage dans une dynamique <strong>d\u2019\u00e9conomie sociale et solidaire<\/strong>, privil\u00e9giant la coop\u00e9ration, la mutualisation des ressources et la responsabilit\u00e9 collective.<\/p>\n<\/div>\n\n\n\n<div class=\"wp-block-group alignfull has-background has-global-padding is-layout-constrained wp-block-group-is-layout-constrained\" style=\"background-color:#73998585;padding-top:1rem;padding-bottom:1rem\">\n<h2 class=\"wp-block-heading has-text-align-center has-custom-vert-fonc-1-color has-text-color has-link-color has-suranna-font-family wp-elements-13d9963c06f53159dc47a65f5e56ec51\" style=\"font-size:clamp(24.034px, 1.502rem + ((1vw - 3.2px) * 1.814), 40px);font-style:normal;font-weight:500;letter-spacing:1px\"><br>Nos engagements RSE<\/h2>\n\n\n\n<p>Chez Transilioze, la responsabilit\u00e9 soci\u00e9tale n\u2019est pas un discours, mais une <strong>exigence de coh\u00e9rence entre nos valeurs, nos pratiques et nos missions<\/strong>.<\/p>\n\n\n\n<p>Nos engagements se traduisent notamment par :<\/p>\n\n\n\n<div class=\"wp-block-group has-global-padding is-layout-constrained wp-block-group-is-layout-constrained\">\n<ul class=\"wp-block-list\">\n<li>Une <strong>sobri\u00e9t\u00e9 dans nos modes d\u2019intervention<\/strong> (limitation des d\u00e9placements, recours au distanciel lorsque pertinent),<\/li>\n\n\n\n<li>Une attention port\u00e9e \u00e0 la <strong>robustesse des solutions propos\u00e9es<\/strong>, au-del\u00e0 des effets d\u2019annonce,<\/li>\n\n\n\n<li>Des accompagnements con\u00e7us pour \u00eatre <strong>r\u00e9alistes, progressifs et durables dans le temps<\/strong>.<\/li>\n<\/ul>\n<\/div>\n\n\n\n<p>Nous veillons \u00e9galement \u00e0 adopter une posture professionnelle fond\u00e9e sur :<\/p>\n\n\n\n<div class=\"wp-block-group has-global-padding is-layout-constrained wp-block-group-is-layout-constrained\">\n<ul class=\"wp-block-list\">\n<li>La <strong>transparence<\/strong> dans nos m\u00e9thodes et nos recommandations,<\/li>\n\n\n\n<li>L\u2019ind\u00e9pendance dans nos analyses,<\/li>\n\n\n\n<li>Le <strong>partage des connaissances<\/strong> et la mont\u00e9e en comp\u00e9tence des acteurs accompagn\u00e9s.<\/li>\n<\/ul>\n<\/div>\n\n\n\n<p>Enfin, Transilioze s\u2019inscrit dans une d\u00e9marche d\u2019am\u00e9lioration continue, en restant en veille sur les \u00e9volutions scientifiques, r\u00e9glementaires et m\u00e9thodologiques li\u00e9es \u00e0 la transition \u00e9cologique.<\/p>\n<\/div>\n\n\n\n<section class=\"wp-block-group alignfull is-vertical is-content-justification-center is-layout-flex wp-container-core-group-is-layout-4371b7d6 wp-block-group-is-layout-flex\" style=\"margin-top:0px;padding-top:0rem;padding-right:var(--wp--preset--spacing--80);padding-bottom:0rem;padding-left:var(--wp--preset--spacing--80);font-size:clamp(0.875rem, 0.875rem + ((1vw - 0.2rem) * 0.464), 1.13rem);font-style:normal;font-weight:400;line-height:1.4\">\n<div class=\"wp-block-group has-global-padding is-layout-constrained wp-block-group-is-layout-constrained\">\n<div class=\"wp-block-group is-layout-flow wp-block-group-is-layout-flow\">\n<div class=\"wp-block-columns is-layout-flex wp-container-core-columns-is-layout-724f3363 wp-block-columns-is-layout-flex\" style=\"margin-bottom:0px\">\n<div class=\"wp-block-column is-vertically-aligned-center is-layout-flow wp-container-core-column-is-layout-a77db08e wp-block-column-is-layout-flow\" style=\"flex-basis:100%\">\n<h3 class=\"wp-block-heading has-text-align-left has-custom-vert-fonc-1-color has-text-color has-suranna-font-family\" style=\"margin-top:0.5rem;margin-bottom:0rem;font-size:clamp(24.034px, 1.502rem + ((1vw - 3.2px) * 1.814), 40px);font-style:normal;font-weight:500;letter-spacing:0px;line-height:1.3\"><br>Nos r\u00e9f\u00e9rences clients<\/h3>\n\n\n\n<p class=\"has-text-align-left has-text-color has-pontano-sans-font-family\" style=\"color:#010101;margin-top:20px;margin-bottom:20px;font-size:clamp(14px, 0.875rem + ((1vw - 3.2px) * 0.455), 18px);font-style:normal;font-weight:400;line-height:1.5\">Transilioze accompagne une diversit\u00e9 d\u2019acteurs publics et priv\u00e9s, principalement des <strong>collectivit\u00e9s territoriales, intercommunalit\u00e9s, d\u00e9partements, \u00e9tablissements publics et organisations engag\u00e9es<\/strong>.<\/p>\n\n\n\n<p>Nos interventions portent notamment sur :<\/p>\n\n\n\n<ul class=\"wp-block-list\">\n<li>L\u2019\u00e9laboration et le suivi de <strong>strat\u00e9gies climat-\u00e9nergie<\/strong>,<\/li>\n\n\n\n<li>L\u2019accompagnement de <strong>PCAET et d\u00e9marches territoriales<\/strong>,<\/li>\n\n\n\n<li>La construction de <strong>plans d\u2019adaptation au changement climatique<\/strong>,<\/li>\n\n\n\n<li>L\u2019animation de <strong>formations, conf\u00e9rences et ateliers de sensibilisation<\/strong>.<\/li>\n<\/ul>\n\n\n\n<p class=\"has-text-align-left has-text-color has-pontano-sans-font-family\" style=\"color:#010101;margin-top:20px;margin-bottom:20px;font-size:clamp(14px, 0.875rem + ((1vw - 3.2px) * 0.455), 18px);font-style:normal;font-weight:400;line-height:1.5\">Chaque mission est con\u00e7ue sur mesure, en tenant compte du <strong>contexte territorial, des moyens disponibles et du niveau de maturit\u00e9 des acteurs<\/strong>.<br>Les r\u00e9f\u00e9rences pr\u00e9sent\u00e9es illustrent la diversit\u00e9 des territoires accompagn\u00e9s et la pluralit\u00e9 des formats d\u2019intervention.<\/p>\n\n\n\n<div class=\"wp-block-buttons is-horizontal is-content-justification-center is-layout-flex wp-container-core-buttons-is-layout-a300a970 wp-block-buttons-is-layout-flex\" style=\"margin-top:0.51rem\">\n<div class=\"wp-block-button has-custom-width wp-block-button__width-50 is-style-fill\"><a class=\"wp-block-button__link has-custom-beige-1-color has-custom-vert-fonc-1-background-color has-text-color has-background has-pontano-sans-font-family has-custom-font-size wp-element-button\" href=\"https:\/\/transilioze.fr\/index.php\/contact\/\" style=\"border-style:none;border-width:0px;border-radius:0rem;padding-top:0.71rem;padding-right:0.31rem;padding-bottom:0.71rem;padding-left:0.31rem;font-size:clamp(0.875rem, 0.875rem + ((1vw - 0.2rem) * 0.245), 1.01rem);font-style:normal;font-weight:600;letter-spacing:1px;line-height:1.5;text-transform:uppercase\">Nous contacter<\/a><\/div>\n<\/div>\n<\/div>\n<\/div>\n<\/div>\n<\/div>\n<\/section>\n\n\n\n<section class=\"wp-block-group alignfull is-horizontal is-content-justification-center is-nowrap is-layout-flex wp-container-core-group-is-layout-6957eb41 wp-block-group-is-layout-flex\" style=\"margin-top:0px;padding-top:0rem;padding-right:var(--wp--preset--spacing--40);padding-bottom:2.5rem;padding-left:var(--wp--preset--spacing--40);font-size:clamp(0.875rem, 0.875rem + ((1vw - 0.2rem) * 0.464), 1.13rem);font-style:normal;font-weight:400;line-height:1.4\">\n<div class=\"wp-block-columns is-layout-flex wp-container-core-columns-is-layout-03ad6a19 wp-block-columns-is-layout-flex\" style=\"margin-bottom:0px\">\n<div class=\"wp-block-column is-vertically-aligned-center has-global-padding is-layout-constrained wp-container-core-column-is-layout-c4a7d96a wp-block-column-is-layout-constrained\" style=\"flex-basis:50%\">\n<h3 class=\"wp-block-heading has-text-align-left has-custom-vert-fonc-1-color has-text-color has-suranna-font-family\" style=\"margin-top:0.5rem;margin-bottom:0rem;font-size:clamp(24.034px, 1.502rem + ((1vw - 3.2px) * 1.814), 40px);font-style:normal;font-weight:500;letter-spacing:0px;line-height:1.3\"><br><strong><br><\/strong>Nos partenaires<\/h3>\n\n\n\n<p class=\"has-text-align-left has-text-color has-pontano-sans-font-family\" style=\"color:#010101;margin-top:20px;margin-bottom:20px;font-size:clamp(14px, 0.875rem + ((1vw - 3.2px) * 0.455), 18px);font-style:normal;font-weight:400;line-height:1.5\">La transition \u00e9cologique est un enjeu syst\u00e9mique qui n\u00e9cessite de <strong>croiser les expertises et de travailler en compl\u00e9mentarit\u00e9<\/strong>.<\/p>\n\n\n\n<p>Transilioze s\u2019appuie sur un r\u00e9seau de <strong>partenaires et de structures sp\u00e9cialis\u00e9es<\/strong> : bureaux d\u2019\u00e9tudes, experts th\u00e9matiques, r\u00e9seaux associatifs, organismes de formation ou acteurs de l\u2019ing\u00e9nierie territoriale.<\/p>\n\n\n\n<p>Ces partenariats permettent :<\/p>\n\n\n\n<ul class=\"wp-block-list\">\n<li>D\u2019enrichir les analyses et les accompagnements,<\/li>\n\n\n\n<li>De mobiliser des comp\u00e9tences sp\u00e9cifiques lorsque n\u00e9cessaire,<\/li>\n\n\n\n<li>De proposer aux clients des d\u00e9marches <strong>coh\u00e9rentes, solides et adapt\u00e9es<\/strong> \u00e0 la complexit\u00e9 des enjeux.<\/li>\n<\/ul>\n\n\n\n<p>Nous privil\u00e9gions des collaborations fond\u00e9es sur la <strong>confiance, la transparence et la qualit\u00e9 des interventions<\/strong>, au service des territoires et des organisations accompagn\u00e9es.<\/p>\n\n\n\n<p><strong>Nos partenaires principaux&nbsp;:<\/strong><\/p>\n\n\n\n<p class=\"has-text-align-left has-text-color has-pontano-sans-font-family\" style=\"color:#010101;margin-top:20px;margin-bottom:20px;font-size:clamp(14px, 0.875rem + ((1vw - 3.2px) * 0.455), 18px);font-style:normal;font-weight:400;line-height:1.5\"><strong>Omega RSE<\/strong> : cabinet sp\u00e9cialis\u00e9 dans l\u2019accompagnement des d\u00e9marches RSE et la structuration de mod\u00e8les d\u2019affaires durables, combinant conseil strat\u00e9gique, ateliers et formations.<\/p>\n\n\n\n<p><strong>Association pour la transition Bas Carbone (ABC)<\/strong> : acteur r\u00e9f\u00e9rent de la transition bas carbone, porteur de m\u00e9thodes reconnues et d\u2019ateliers tels que la <em>Fresque du Bilan Carbone\u00ae<\/em> pour sensibiliser et engager les acteurs vers des strat\u00e9gies de r\u00e9duction des \u00e9missions.<\/p>\n<\/div>\n\n\n\n<div class=\"wp-block-column is-vertically-aligned-center is-layout-flow wp-block-column-is-layout-flow\" style=\"flex-basis:50%\">\n<figure class=\"wp-block-image alignright size-full has-custom-border\" style=\"margin-top:var(--wp--preset--spacing--80)\"><img decoding=\"async\" src=\"https:\/\/tyler.com\/wp-content\/uploads\/2023\/11\/Surf-About-3rd-Sec-Image.jpeg\" alt=\"\" class=\"has-border-color has-tertiary-border-color wp-image-2515\" style=\"border-width:1px;aspect-ratio:1;object-fit:cover\"\/><\/figure>\n<\/div>\n<\/div>\n<\/section>\n\n\n\n<section class=\"wp-block-cover alignfull\" style=\"margin-top:0px;padding-top:1.01rem;padding-bottom:1.01rem;min-height:430px;aspect-ratio:unset;\"><img decoding=\"async\" class=\"wp-block-cover__image-background wp-image-2516\" alt=\"\" src=\"https:\/\/tyler.com\/wp-content\/uploads\/2023\/11\/Surf-About-4th-Cover-Image.jpeg\" style=\"object-position:50% 51%\" data-object-fit=\"cover\" data-object-position=\"50% 51%\"\/><span aria-hidden=\"true\" class=\"wp-block-cover__background has-background-dim-0 has-background-dim\" style=\"background-color:#edf1f2\"><\/span><div class=\"wp-block-cover__inner-container has-global-padding is-layout-constrained wp-container-core-cover-is-layout-b1bebcb3 wp-block-cover-is-layout-constrained\">\n<div class=\"wp-block-group has-text-color is-layout-flow wp-block-group-is-layout-flow\" style=\"color:#fffffd;margin-top:0px;padding-top:0rem;padding-right:1rem;padding-bottom:0rem;padding-left:1rem;font-size:clamp(0.875rem, 0.875rem + ((1vw - 0.2rem) * 0.464), 1.13rem);font-style:normal;font-weight:400;line-height:1.4\">\n<div class=\"wp-block-group has-global-padding is-layout-constrained wp-container-core-group-is-layout-bdbfdc43 wp-block-group-is-layout-constrained\">\n<p class=\"has-text-align-center has-text-color\" style=\"color:#fffffd;margin-bottom:0rem;font-size:clamp(1.507rem, 1.507rem + ((1vw - 0.2rem) * 1.824), 2.51rem);font-style:normal;font-weight:400;line-height:1.2\">Transformer les visions en r\u00e9alit\u00e9, une \u00e9tape durable \u00e0 la fois.<\/p>\n<\/div>\n\n\n\n<div class=\"wp-block-group is-vertical is-content-justification-stretch is-layout-flex wp-container-core-group-is-layout-bfdebe91 wp-block-group-is-layout-flex\" style=\"margin-top:1.81rem;padding-right:0px;padding-left:0px\">\n<div class=\"wp-block-group has-global-padding is-content-justification-center is-layout-constrained wp-container-core-group-is-layout-2f0bcb29 wp-block-group-is-layout-constrained\" style=\"margin-top:0px\">\n<div class=\"wp-block-buttons is-horizontal is-content-justification-right is-layout-flex wp-container-core-buttons-is-layout-099266fd wp-block-buttons-is-layout-flex\" style=\"margin-top:0.51rem\">\n<div class=\"wp-block-button has-custom-width wp-block-button__width-100 is-style-fill\"><a class=\"wp-block-button__link has-custom-beige-1-color has-custom-vert-fonc-1-background-color has-text-color has-background has-custom-font-size wp-element-button\" href=\"#\" style=\"border-style:none;border-width:0px;border-radius:0rem;padding-top:0.71rem;padding-right:0.31rem;padding-bottom:0.71rem;padding-left:0.31rem;font-size:clamp(0.875rem, 0.875rem + ((1vw - 0.2rem) * 0.245), 1.01rem);font-style:normal;font-weight:600;line-height:1.5;text-transform:uppercase\">Contactez-nous<\/a><\/div>\n<\/div>\n<\/div>\n<\/div>\n<\/div>\n<\/div><\/section>\n","protected":false},"excerpt":{"rendered":"<p>A propos de Transilioze Transilioze est un cabinet de conseil et d\u2019accompagnement en transition \u00e9cologique, sp\u00e9cialis\u00e9 dans les enjeux \u00e9nergie-climat, l\u2019adaptation au changement climatique et la r\u00e9silience des territoires. Nous accompagnons les collectivit\u00e9s, les territoires et les organisations dans la structuration et la mise en \u0153uvre de leurs d\u00e9marches de transition : trajectoires bas carbone, [&hellip;]<\/p>\n","protected":false},"author":1,"featured_media":0,"parent":0,"menu_order":0,"comment_status":"closed","ping_status":"closed","template":"","meta":{"footnotes":""},"class_list":["post-45","page","type-page","status-publish","hentry"],"_links":{"self":[{"href":"https:\/\/transilioze.fr\/index.php\/wp-json\/wp\/v2\/pages\/45","targetHints":{"allow":["GET"]}}],"collection":[{"href":"https:\/\/transilioze.fr\/index.php\/wp-json\/wp\/v2\/pages"}],"about":[{"href":"https:\/\/transilioze.fr\/index.php\/wp-json\/wp\/v2\/types\/page"}],"author":[{"embeddable":true,"href":"https:\/\/transilioze.fr\/index.php\/wp-json\/wp\/v2\/users\/1"}],"replies":[{"embeddable":true,"href":"https:\/\/transilioze.fr\/index.php\/wp-json\/wp\/v2\/comments?post=45"}],"version-history":[{"count":27,"href":"https:\/\/transilioze.fr\/index.php\/wp-json\/wp\/v2\/pages\/45\/revisions"}],"predecessor-version":[{"id":263,"href":"https:\/\/transilioze.fr\/index.php\/wp-json\/wp\/v2\/pages\/45\/revisions\/263"}],"wp:attachment":[{"href":"https:\/\/transilioze.fr\/index.php\/wp-json\/wp\/v2\/media?parent=45"}],"curies":[{"name":"wp","href":"https:\/\/api.w.org\/{rel}","templated":true}]}}